highest common divisor of 289 and 260083.
17
Calculate the highest common divisor of 1271434919 and 249.
83
What is the highest common divisor of 96934 and 1700?
34
Calculate the greatest common factor of 23844987 and 83.
83
What is the highest common divisor of 140086 and 4094?
178
Calculate the greatest common factor of 83 and 43329901.
83
Calculate the highest common divisor of 7455 and 45307017.
1491
Calculate the greatest common divisor of 47067 and 19662.
87
What is the greatest common divisor of 11446452 and 36?
36
Calculate the highest common divisor of 177926 and 164010.
994
Calculate the highest common factor of 810 and 27972135.
405
Calculate the greatest common factor of 75911 and 7775350.
737
What is the highest common divisor of 600966 and 17950?
718
Calculate the greatest common divisor of 51 and 10484597.
17
Calculate the highest common divisor of 3165 and 14800595.
1055
What is the greatest common divisor of 54 and 6876981?
27
Calculate the highest common factor of 26063051 and 28.
7
What is the greatest common divisor of 4365 and 66516295?
485
Calculate the greatest common factor of 4662 and 2703708.
126
Calculate the highest common factor of 1348 and 112395566.
674
Calculate the highest common factor of 66 and 59276814.
6
Calculate the highest common factor of 709497 and 27063.
279
What is the greatest common factor of 3468 and 3328821?
51
Calculate the greatest common factor of 22256652 and 552.
12
What is the highest common divisor of 40449739 and 16687?
451
Calculate the greatest common factor of 11501 and 483413.
371
Calculate the greatest common factor of 151 and 1790567966.
151
What is the greatest common divisor of 1645 and 648550?
35
What is the highest common divisor of 2153 and 238046445?
2153
What is the greatest common factor of 93080 and 19240?
520
What is the greatest common factor of 3039278 and 43681?
2299
What is the highest common divisor of 384 and 39753088?
128
What is the highest common factor of 152 and 954480048?
152
What is the highest common factor of 511 and 41867?
7
Calculate the greatest common factor of 8480 and 844880.
80
Calculate the greatest common factor of 198500 and 83767.
397
Calculate the greatest common divisor of 2386899 and 11526.
339
Calculate the greatest common factor of 12734685 and 1323.
27
Calculate the greatest common factor of 23411292 and 48.
12
What is the greatest common divisor of 973 and 1069605?
139
What is the greatest common factor of 9 and 10256871?
3
Calculate the greatest common divisor of 72895 and 7673095.
1195
What is the greatest common factor of 3199 and 131871463?
457
What is the greatest common factor of 1200 and 23060?
20
What is the highest common factor of 299 and 7371822?
23
Calculate the greatest common divisor of 204111849 and 8939.
1277
What is the greatest common divisor of 26800 and 100299?
67
Calculate the greatest common divisor of 1191222447 and 13506.
6753
Calculate the highest common factor of 32 and 24580064.
32
What is the highest common divisor of 30913311 and 3718?
1859
Calculate the highest common divisor of 7020 and 7495865.
65
Calculate the highest common divisor of 9377265 and 63.
3
What is the highest common factor of 46791 and 45813588?
5199
What is the greatest common divisor of 86337639 and 108?
9
What is the greatest common divisor of 100320 and 57360?
240
What is the greatest common factor of 26596 and 120592913?
6649
What is the highest common factor of 10 and 179401540?
10
Calculate the greatest common factor of 165 and 1763069.
11
What is the highest common divisor of 30720 and 1311528?
24
What is the highest common factor of 20213 and 64583?
493
What is the highest common factor of 44123673 and 6567?
6567
Calculate the greatest common divisor of 2294787 and 5313.
33
What is the greatest common factor of 117455 and 40560?
845
Calculate the highest common divisor of 15450785 and 1405.
1405
What is the highest common divisor of 6309622 and 1232?
22
What is the greatest common divisor of 457 and 251815226?
457
What is the greatest common factor of 162 and 126198?
162
What is the greatest common factor of 40365 and 29058315?
4485
Calculate the highest common factor of 646 and 4081802.
34
Calculate the greatest common factor of 619417 and 1887.
37
What is the highest common divisor of 288 and 48097152?
288
Calculate the highest common divisor of 2115069 and 429.
33
Calculate the greatest common factor of 34175199 and 267.
267
Calculate the highest common divisor of 364 and 3626051.
13
Calculate the highest common divisor of 1308089 and 3186.
59
What is the highest common divisor of 1236710 and 39620?
2830
What is the greatest common factor of 12819 and 284526251?
4273
Calculate the highest common factor of 825681 and 303.
3
Calculate the greatest common divisor of 32 and 1665808.
16
Calculate the highest common factor of 31387664 and 656.
16
Calculate the highest common factor of 4796530 and 670.
670
What is the greatest common factor of 15049 and 197051?
101
Calculate the highest common divisor of 11189622 and 7758.
2586
Calculate the greatest common factor of 31160 and 370120.
760
Calculate the greatest common factor of 4261909 and 508687.
779
What is the greatest common factor of 1393028 and 161252?
364
What is the greatest common factor of 169822 and 135546?
1558
Calculate the greatest common divisor of 1905 and 5749635.
15
What is the greatest common divisor of 230 and 3082023?
23
What is the highest common factor of 10204259 and 1131?
377
Calculate the greatest common divisor of 40 and 16394765.
5
Calculate the highest common factor of 14 and 52325224.
14
Calculate the greatest common divisor of 1927 and 28259173.
47
Calculate the greatest common divisor of 30430 and 522143.
179
What is the highest common factor of 167533 and 9483?
3161
Calculate the highest common divisor of 152 and 45306868.
76
What is the greatest common divisor of 26 and 1379398?
2
What is the highest common factor of 110854032 and 112?
16
What is the highest common factor of 25172508 and 24?
12
Calculate the greatest common divisor of 75153 and 1604863.
533
Calculate the greatest common divisor of 411447 and 394161.
201
Calculate the greatest common divisor of 491264 and 197600.
608
Calculate the highest common divisor of 59561572 and 56.
28
Calculate the greatest common divisor of 761704 and 536.
8
Calculate the highest common factor of 8707872 and 1098.
366
Calculate the greatest common factor of 3905 and 61770.
355
What is the highest common divisor of 506 and 13743742?
46
What is the greatest common divisor of 445514 and 920684?
674
Calculate the greatest common divisor of 614361 and 21351.
33
What is the highest common factor of 38111 and 13915?
23
What is the greatest common divisor of 2409367254 and 644?
322
Calculate the greatest common factor of 70387280 and 23530.
1810
What is the highest common factor of 91224252 and 4914?
378
What is the greatest common factor of 30 and 4602882?
6
Calculate the highest common divisor of 29971 and 24209.
43
Calculate the highest common divisor of 9264 and 109220244.
2316
Calculate the greatest common factor of 124726466 and 2.
2
What is the highest common divisor of 100992 and 535731?
789
Calculate the greatest common factor of 765 and 44147555.
85
Calculate the highest common factor of 4832 and 2254732.
604
What is the highest common factor of 10776 and 14898?
6
What is the highest common divisor of 3024 and 102575088?
1008
What is the greatest common divisor of 742 and 65414349?
371
What is the greatest common factor of 1638 and 36782226?
234
What is the greatest common factor of 68592400 and 80?
80
Calculate the greatest common divisor of 46057794 and 48.
6
Calculate the highest common factor of 4368 and 204162868.
364
Calculate the greatest common factor of 1124162 and 91.
13
What is the highest common factor of 38440 and 4072718?
1922
Calculate the highest common factor of 20559264 and 231.
33
Calculate the greatest common factor of 132181 and 17871.
161
What is the greatest common divisor of 6000 and 44100400?
400
What is the highest common divisor of 658070 and 50470?
490
Calculate the highest common divisor of 710 and 1407544115.
355
What is the greatest common divisor of 28011490 and 27950?
5590
Ca